{"id":35,"date":"2024-05-17T00:42:08","date_gmt":"2024-05-16T22:42:08","guid":{"rendered":"http:\/\/localhost\/CIM\/?page_id=21"},"modified":"2024-05-17T00:42:08","modified_gmt":"2024-05-16T22:42:08","slug":"a-propos","status":"publish","type":"page","link":"https:\/\/cimetiere-israelite-fes.com\/?page_id=35","title":{"rendered":"A propos, histoire du cimeti\u00e8re"},"content":{"rendered":"\n<h3 class=\"wp-block-heading\">L\u2019histoire du cimeti\u00e8re racont\u00e9e par notre rabbin de Fes : Abraham SABBAGH.<\/h3>\n\n\n\n<p>D\u00e9couvrez les quatres vid\u00e9os.<\/p>\n\n\n<p><iframe loading=\"lazy\" width=\"560\" height=\"315\" src=\"https:\/\/www.youtube.com\/embed\/n5h2w61w3cQ?si=IMCFWIRZs7uHlmE7\" title=\"YouTube video player\" frameborder=\"0\" allow=\"accelerometer; autoplay; clipboard-write; encrypted-media; gyroscope; picture-in-picture; web-share\" referrerpolicy=\"strict-origin-when-cross-origin\" allowfullscreen><\/iframe><\/p>\n\n\n<p><iframe loading=\"lazy\" width=\"560\" height=\"315\" src=\"https:\/\/www.youtube.com\/embed\/4Jx75-dVnf4?si=3RVXGroTwwLUjJaU\" title=\"YouTube video player\" frameborder=\"0\" allow=\"accelerometer; autoplay; clipboard-write; encrypted-media; gyroscope; picture-in-picture; web-share\" referrerpolicy=\"strict-origin-when-cross-origin\" allowfullscreen><\/iframe><\/p>\n\n\n<p><iframe loading=\"lazy\" width=\"560\" height=\"315\" src=\"https:\/\/www.youtube.com\/embed\/NWpWj3gdD3E?si=08b3lqihpWuWyvIC\" title=\"YouTube video player\" frameborder=\"0\" allow=\"accelerometer; autoplay; clipboard-write; encrypted-media; gyroscope; picture-in-picture; web-share\" referrerpolicy=\"strict-origin-when-cross-origin\" allowfullscreen><\/iframe><\/p>\n\n\n<p><iframe loading=\"lazy\" width=\"560\" height=\"315\" src=\"https:\/\/www.youtube.com\/embed\/yvAUk7gM8nw?si=XpN13MjbInP8S13l\" title=\"YouTube video player\" frameborder=\"0\" allow=\"accelerometer; autoplay; clipboard-write; encrypted-media; gyroscope; picture-in-picture; web-share\" referrerpolicy=\"strict-origin-when-cross-origin\" allowfullscreen><\/iframe><\/p>\n","protected":false},"excerpt":{"rendered":"<p>L\u2019histoire du cimeti\u00e8re racont\u00e9e par notre rabbin de Fes : Abraham SABBAGH. D\u00e9couvrez les quatres vid\u00e9os.<\/p>\n","protected":false},"author":1,"featured_media":0,"parent":0,"menu_order":0,"comment_status":"closed","ping_status":"closed","template":"","meta":{"footnotes":""},"class_list":["post-35","page","type-page","status-publish","hentry"],"yoast_head":"<!-- This site is optimized with the Yoast SEO plugin v26.3 - https:\/\/yoast.com\/wordpress\/plugins\/seo\/ -->\n<title>A propos, histoire du cimeti\u00e8re - Cimeti\u00e8re Isra\u00e9lite de F\u00e8s<\/title>\n<meta name=\"robots\" content=\"index, follow, max-snippet:-1, max-image-preview:large, max-video-preview:-1\" \/>\n<link rel=\"canonical\" href=\"https:\/\/cimetiere-israelite-fes.com\/?page_id=35\" \/>\n<meta property=\"og:locale\" content=\"fr_FR\" \/>\n<meta property=\"og:type\" content=\"article\" \/>\n<meta property=\"og:title\" content=\"A propos, histoire du cimeti\u00e8re - Cimeti\u00e8re Isra\u00e9lite de F\u00e8s\" \/>\n<meta property=\"og:description\" content=\"L\u2019histoire du cimeti\u00e8re racont\u00e9e par notre rabbin de Fes : Abraham SABBAGH. D\u00e9couvrez les quatres vid\u00e9os.\" \/>\n<meta property=\"og:url\" content=\"https:\/\/cimetiere-israelite-fes.com\/?page_id=35\" \/>\n<meta property=\"og:site_name\" content=\"Cimeti\u00e8re Isra\u00e9lite de F\u00e8s\" \/>\n<meta name=\"twitter:card\" content=\"summary_large_image\" \/>\n<script type=\"application\/ld+json\" class=\"yoast-schema-graph\">{\"@context\":\"https:\/\/schema.org\",\"@graph\":[{\"@type\":\"WebPage\",\"@id\":\"https:\/\/cimetiere-israelite-fes.com\/?page_id=35\",\"url\":\"https:\/\/cimetiere-israelite-fes.com\/?page_id=35\",\"name\":\"A propos, histoire du cimeti\u00e8re - Cimeti\u00e8re Isra\u00e9lite de F\u00e8s\",\"isPartOf\":{\"@id\":\"https:\/\/cimetiere-israelite-fes.com\/#website\"},\"datePublished\":\"2024-05-16T22:42:08+00:00\",\"breadcrumb\":{\"@id\":\"https:\/\/cimetiere-israelite-fes.com\/?page_id=35#breadcrumb\"},\"inLanguage\":\"fr-FR\",\"potentialAction\":[{\"@type\":\"ReadAction\",\"target\":[\"https:\/\/cimetiere-israelite-fes.com\/?page_id=35\"]}]},{\"@type\":\"BreadcrumbList\",\"@id\":\"https:\/\/cimetiere-israelite-fes.com\/?page_id=35#breadcrumb\",\"itemListElement\":[{\"@type\":\"ListItem\",\"position\":1,\"name\":\"Accueil\",\"item\":\"https:\/\/cimetiere-israelite-fes.com\/\"},{\"@type\":\"ListItem\",\"position\":2,\"name\":\"A propos, histoire du cimeti\u00e8re\"}]},{\"@type\":\"WebSite\",\"@id\":\"https:\/\/cimetiere-israelite-fes.com\/#website\",\"url\":\"https:\/\/cimetiere-israelite-fes.com\/\",\"name\":\"Cimeti\u00e8re Isra\u00e9lite de F\u00e8s\",\"description\":\"\",\"publisher\":{\"@id\":\"https:\/\/cimetiere-israelite-fes.com\/#organization\"},\"potentialAction\":[{\"@type\":\"SearchAction\",\"target\":{\"@type\":\"EntryPoint\",\"urlTemplate\":\"https:\/\/cimetiere-israelite-fes.com\/?s={search_term_string}\"},\"query-input\":{\"@type\":\"PropertyValueSpecification\",\"valueRequired\":true,\"valueName\":\"search_term_string\"}}],\"inLanguage\":\"fr-FR\"},{\"@type\":\"Organization\",\"@id\":\"https:\/\/cimetiere-israelite-fes.com\/#organization\",\"name\":\"Cimeti\u00e8re Isra\u00e9lite de F\u00e8s\",\"url\":\"https:\/\/cimetiere-israelite-fes.com\/\",\"logo\":{\"@type\":\"ImageObject\",\"inLanguage\":\"fr-FR\",\"@id\":\"https:\/\/cimetiere-israelite-fes.com\/#\/schema\/logo\/image\/\",\"url\":\"https:\/\/cimetiere-israelite-fes.com\/wp-content\/uploads\/2024\/07\/photo_cim_2023.jpg\",\"contentUrl\":\"https:\/\/cimetiere-israelite-fes.com\/wp-content\/uploads\/2024\/07\/photo_cim_2023.jpg\",\"width\":1280,\"height\":721,\"caption\":\"Cimeti\u00e8re Isra\u00e9lite de F\u00e8s\"},\"image\":{\"@id\":\"https:\/\/cimetiere-israelite-fes.com\/#\/schema\/logo\/image\/\"}}]}<\/script>\n<!-- \/ Yoast SEO plugin. -->","yoast_head_json":{"title":"A propos, histoire du cimeti\u00e8re - Cimeti\u00e8re Isra\u00e9lite de F\u00e8s","robots":{"index":"index","follow":"follow","max-snippet":"max-snippet:-1","max-image-preview":"max-image-preview:large","max-video-preview":"max-video-preview:-1"},"canonical":"https:\/\/cimetiere-israelite-fes.com\/?page_id=35","og_locale":"fr_FR","og_type":"article","og_title":"A propos, histoire du cimeti\u00e8re - Cimeti\u00e8re Isra\u00e9lite de F\u00e8s","og_description":"L\u2019histoire du cimeti\u00e8re racont\u00e9e par notre rabbin de Fes : Abraham SABBAGH. D\u00e9couvrez les quatres vid\u00e9os.","og_url":"https:\/\/cimetiere-israelite-fes.com\/?page_id=35","og_site_name":"Cimeti\u00e8re Isra\u00e9lite de F\u00e8s","twitter_card":"summary_large_image","schema":{"@context":"https:\/\/schema.org","@graph":[{"@type":"WebPage","@id":"https:\/\/cimetiere-israelite-fes.com\/?page_id=35","url":"https:\/\/cimetiere-israelite-fes.com\/?page_id=35","name":"A propos, histoire du cimeti\u00e8re - Cimeti\u00e8re Isra\u00e9lite de F\u00e8s","isPartOf":{"@id":"https:\/\/cimetiere-israelite-fes.com\/#website"},"datePublished":"2024-05-16T22:42:08+00:00","breadcrumb":{"@id":"https:\/\/cimetiere-israelite-fes.com\/?page_id=35#breadcrumb"},"inLanguage":"fr-FR","potentialAction":[{"@type":"ReadAction","target":["https:\/\/cimetiere-israelite-fes.com\/?page_id=35"]}]},{"@type":"BreadcrumbList","@id":"https:\/\/cimetiere-israelite-fes.com\/?page_id=35#breadcrumb","itemListElement":[{"@type":"ListItem","position":1,"name":"Accueil","item":"https:\/\/cimetiere-israelite-fes.com\/"},{"@type":"ListItem","position":2,"name":"A propos, histoire du cimeti\u00e8re"}]},{"@type":"WebSite","@id":"https:\/\/cimetiere-israelite-fes.com\/#website","url":"https:\/\/cimetiere-israelite-fes.com\/","name":"Cimeti\u00e8re Isra\u00e9lite de F\u00e8s","description":"","publisher":{"@id":"https:\/\/cimetiere-israelite-fes.com\/#organization"},"potentialAction":[{"@type":"SearchAction","target":{"@type":"EntryPoint","urlTemplate":"https:\/\/cimetiere-israelite-fes.com\/?s={search_term_string}"},"query-input":{"@type":"PropertyValueSpecification","valueRequired":true,"valueName":"search_term_string"}}],"inLanguage":"fr-FR"},{"@type":"Organization","@id":"https:\/\/cimetiere-israelite-fes.com\/#organization","name":"Cimeti\u00e8re Isra\u00e9lite de F\u00e8s","url":"https:\/\/cimetiere-israelite-fes.com\/","logo":{"@type":"ImageObject","inLanguage":"fr-FR","@id":"https:\/\/cimetiere-israelite-fes.com\/#\/schema\/logo\/image\/","url":"https:\/\/cimetiere-israelite-fes.com\/wp-content\/uploads\/2024\/07\/photo_cim_2023.jpg","contentUrl":"https:\/\/cimetiere-israelite-fes.com\/wp-content\/uploads\/2024\/07\/photo_cim_2023.jpg","width":1280,"height":721,"caption":"Cimeti\u00e8re Isra\u00e9lite de F\u00e8s"},"image":{"@id":"https:\/\/cimetiere-israelite-fes.com\/#\/schema\/logo\/image\/"}}]}},"_links":{"self":[{"href":"https:\/\/cimetiere-israelite-fes.com\/index.php?rest_route=\/wp\/v2\/pages\/35","targetHints":{"allow":["GET"]}}],"collection":[{"href":"https:\/\/cimetiere-israelite-fes.com\/index.php?rest_route=\/wp\/v2\/pages"}],"about":[{"href":"https:\/\/cimetiere-israelite-fes.com\/index.php?rest_route=\/wp\/v2\/types\/page"}],"author":[{"embeddable":true,"href":"https:\/\/cimetiere-israelite-fes.com\/index.php?rest_route=\/wp\/v2\/users\/1"}],"replies":[{"embeddable":true,"href":"https:\/\/cimetiere-israelite-fes.com\/index.php?rest_route=%2Fwp%2Fv2%2Fcomments&post=35"}],"version-history":[{"count":0,"href":"https:\/\/cimetiere-israelite-fes.com\/index.php?rest_route=\/wp\/v2\/pages\/35\/revisions"}],"wp:attachment":[{"href":"https:\/\/cimetiere-israelite-fes.com\/index.php?rest_route=%2Fwp%2Fv2%2Fmedia&parent=35"}],"curies":[{"name":"wp","href":"https:\/\/api.w.org\/{rel}","templated":true}]}}